{"id":2503,"date":"2024-07-16T19:05:18","date_gmt":"2024-07-16T17:05:18","guid":{"rendered":"https:\/\/1000awnsenegal.org\/?page_id=2503"},"modified":"2024-08-05T19:56:40","modified_gmt":"2024-08-05T17:56:40","slug":"rencontrez-la-presidente","status":"publish","type":"page","link":"https:\/\/1000awnsenegal.org\/?page_id=2503","title":{"rendered":"la Pr\u00e9sidente"},"content":{"rendered":"\t\t<div data-elementor-type=\"wp-page\" data-elementor-id=\"2503\" class=\"elementor elementor-2503\">\n\t\t\t\t<div class=\"elementor-element elementor-element-51ccb5c e-flex e-con-boxed wpr-particle-no wpr-jarallax-no wpr-parallax-no wpr-sticky-section-no e-con e-parent\" data-id=\"51ccb5c\" data-element_type=\"container\" data-settings=\"{&quot;background_background&quot;:&quot;slideshow&quot;,&quot;background_slideshow_gallery&quot;:[{&quot;id&quot;:1084,&quot;url&quot;:&quot;https:\\\/\\\/1000awnsenegal.org\\\/wp-content\\\/uploads\\\/2024\\\/01\\\/pic-2.jpg&quot;}],&quot;background_slideshow_loop&quot;:&quot;yes&quot;,&quot;background_slideshow_slide_duration&quot;:5000,&quot;background_slideshow_slide_transition&quot;:&quot;fade&quot;,&quot;background_slideshow_transition_duration&quot;:500}\">\n\t\t\t\t\t<div class=\"e-con-inner\">\n\t\t\t\t<div class=\"elementor-element elementor-element-dbeef06 elementor-widget elementor-widget-heading\" data-id=\"dbeef06\" data-element_type=\"widget\" data-widget_type=\"heading.default\">\n\t\t\t\t<div class=\"elementor-widget-container\">\n\t\t\t\t\t<h2 class=\"elementor-heading-title elementor-size-default\">Elisabeth Monteil<\/h2>\t\t\t\t<\/div>\n\t\t\t\t<\/div>\n\t\t\t\t\t<\/div>\n\t\t\t\t<\/div>\n\t\t<div class=\"elementor-element elementor-element-4243b6b e-flex e-con-boxed wpr-particle-no wpr-jarallax-no wpr-parallax-no wpr-sticky-section-no e-con e-parent\" data-id=\"4243b6b\" data-element_type=\"container\">\n\t\t\t\t\t<div class=\"e-con-inner\">\n\t\t<div class=\"elementor-element elementor-element-ca0b284 e-con-full e-flex wpr-particle-no wpr-jarallax-no wpr-parallax-no wpr-sticky-section-no e-con e-child\" data-id=\"ca0b284\" data-element_type=\"container\">\n\t\t\t\t<div class=\"elementor-element elementor-element-ef597e8 elementor-widget elementor-widget-image\" data-id=\"ef597e8\" data-element_type=\"widget\" data-widget_type=\"image.default\">\n\t\t\t\t<div class=\"elementor-widget-container\">\n\t\t\t\t\t\t\t\t\t\t\t\t\t\t\t<img fetchpriority=\"high\" decoding=\"async\" width=\"695\" height=\"1024\" src=\"https:\/\/1000awnsenegal.org\/wp-content\/uploads\/2024\/07\/DSC_2789-695x1024.jpg\" class=\"attachment-large size-large wp-image-2504\" alt=\"pr\u00e9sidente_monteil\" srcset=\"https:\/\/1000awnsenegal.org\/wp-content\/uploads\/2024\/07\/DSC_2789-695x1024.jpg 695w, https:\/\/1000awnsenegal.org\/wp-content\/uploads\/2024\/07\/DSC_2789-204x300.jpg 204w, https:\/\/1000awnsenegal.org\/wp-content\/uploads\/2024\/07\/DSC_2789-768x1131.jpg 768w, https:\/\/1000awnsenegal.org\/wp-content\/uploads\/2024\/07\/DSC_2789-1043x1536.jpg 1043w, https:\/\/1000awnsenegal.org\/wp-content\/uploads\/2024\/07\/DSC_2789.jpg 1236w\" sizes=\"(max-width: 695px) 100vw, 695px\" \/>\t\t\t\t\t\t\t\t\t\t\t\t\t\t\t<\/div>\n\t\t\t\t<\/div>\n\t\t\t\t<\/div>\n\t\t<div class=\"elementor-element elementor-element-80f4594 e-con-full e-flex wpr-particle-no wpr-jarallax-no wpr-parallax-no wpr-sticky-section-no e-con e-child\" data-id=\"80f4594\" data-element_type=\"container\">\n\t\t<div class=\"elementor-element elementor-element-b46fdc0 e-flex e-con-boxed wpr-particle-no wpr-jarallax-no wpr-parallax-no wpr-sticky-section-no e-con e-child\" data-id=\"b46fdc0\" data-element_type=\"container\">\n\t\t\t\t\t<div class=\"e-con-inner\">\n\t\t\t\t<div class=\"elementor-element elementor-element-1281612 elementor-widget elementor-widget-text-editor\" data-id=\"1281612\" data-element_type=\"widget\" data-widget_type=\"text-editor.default\">\n\t\t\t\t<div class=\"elementor-widget-container\">\n\t\t\t\t\t\t\t\t\t<p>Produit essentiellement par l\u2019\u00e9cole publique s\u00e9n\u00e9galaise, Elisabeth Monteil est dipl\u00f4m\u00e9e en droit et strat\u00e9gie. Elle commence sa carri\u00e8re dans le secteur priv\u00e9 aupr\u00e8s d&#8217;\u00e9minents experts de l&#8217;industrie p\u00e9troli\u00e8re, puis pharmaceutique. En rejoignant un projet de l\u2019USAID, elle d\u00e9couvre une passion pour le d\u00e9veloppement et apprend \u00e0 mettre ses comp\u00e9tences au service des petites et moyennes entreprises.<\/p><p>Originaire du Saloum et du Sine, avec des racines en Guin\u00e9e-Bissau, en France et aux USA, cette petite-fille d&#8217;immigr\u00e9s, berc\u00e9e par les \u00e9crits de L\u00e9opold Senghor, se sent chez elle partout et \u00e0 l&#8217;aise avec tout le monde. Titulaire d&#8217;un master en communication appliqu\u00e9e au marketing, elle d\u00e9couvre l&#8217;administration s\u00e9n\u00e9galaise en 2004 avec la cr\u00e9ation du FONDEF. Tomb\u00e9e amoureuse de la formation professionnelle et technique, elle se consacre aux jeunes et aux professionnels, d\u00e9fendant le droit \u00e0 la formation tout au long de la vie active.<\/p>\t\t\t\t\t\t\t\t<\/div>\n\t\t\t\t<\/div>\n\t\t\t\t\t<\/div>\n\t\t\t\t<\/div>\n\t\t<div class=\"elementor-element elementor-element-15258b3 e-flex e-con-boxed wpr-particle-no wpr-jarallax-no wpr-parallax-no wpr-sticky-section-no e-con e-child\" data-id=\"15258b3\" data-element_type=\"container\">\n\t\t\t\t\t<div class=\"e-con-inner\">\n\t\t\t\t<div class=\"elementor-element elementor-element-d460976 elementor-widget elementor-widget-text-editor\" data-id=\"d460976\" data-element_type=\"widget\" data-widget_type=\"text-editor.default\">\n\t\t\t\t<div class=\"elementor-widget-container\">\n\t\t\t\t\t\t\t\t\t<p>Elle participe \u00e0 de nombreuses r\u00e9flexions dans le sous-secteur de la formation professionnelle et technique (FPT), notamment la mise en place du minist\u00e8re de la Formation Professionnelle et Technique, l&#8217;utilisation de la CFCE pour la formation des salari\u00e9s, ainsi que des r\u00e9flexions strat\u00e9giques et des propositions aux PTF pour le financement de l&#8217;emploi et de l&#8217;employabilit\u00e9.<\/p><p>Mme Monteil a particip\u00e9 \u00e0 de grandes rencontres internationales en tant qu&#8217;organisatrice, travaillant pour le protocole d&#8217;\u00c9tat et contribuant \u00e0 la cr\u00e9ation de la ville de Diamniadio, ce qui l&#8217;a propuls\u00e9e dans un tout nouveau secteur : l&#8217;urbanisme et la construction.<\/p>\t\t\t\t\t\t\t\t<\/div>\n\t\t\t\t<\/div>\n\t\t\t\t\t<\/div>\n\t\t\t\t<\/div>\n\t\t<div class=\"elementor-element elementor-element-ed7d69f e-flex e-con-boxed wpr-particle-no wpr-jarallax-no wpr-parallax-no wpr-sticky-section-no e-con e-child\" data-id=\"ed7d69f\" data-element_type=\"container\">\n\t\t\t\t\t<div class=\"e-con-inner\">\n\t\t\t\t<div class=\"elementor-element elementor-element-f7368a8 elementor-widget elementor-widget-text-editor\" data-id=\"f7368a8\" data-element_type=\"widget\" data-widget_type=\"text-editor.default\">\n\t\t\t\t<div class=\"elementor-widget-container\">\n\t\t\t\t\t\t\t\t\t<p>Ap\u00f4tre de la vie communautaire, Elisabeth forme les volontaires du service civique national et anime NextGeneration, un groupe de jeunes aspirant \u00e0 prendre place sur la sc\u00e8ne publique. Elle r\u00eave de passer le barreau s\u00e9n\u00e9galais pour devenir avocate sp\u00e9cialis\u00e9e dans les causes des communaut\u00e9s face aux investissements \u00e9trangers et \u00e0 l&#8217;exploitation des ressources naturelles.<\/p><p>Dans sa vie quotidienne, elle d\u00e9finit des strat\u00e9gies d&#8217;influence et d&#8217;implication et utilise la vie num\u00e9rique pour am\u00e9liorer le monde du travail. Ses 30 ann\u00e9es d&#8217;exp\u00e9rience professionnelle lui ont permis de travailler dans le secteur priv\u00e9, le d\u00e9veloppement et, depuis 2004, pour l&#8217;\u00c9tat du S\u00e9n\u00e9gal. Elisabeth est consultante en strat\u00e9gie et marketing des id\u00e9es.<\/p>\t\t\t\t\t\t\t\t<\/div>\n\t\t\t\t<\/div>\n\t\t\t\t\t<\/div>\n\t\t\t\t<\/div>\n\t\t\t\t<\/div>\n\t\t\t\t\t<\/div>\n\t\t\t\t<\/div>\n\t\t<div class=\"elementor-element elementor-element-ffce1dc e-flex e-con-boxed wpr-particle-no wpr-jarallax-no wpr-parallax-no wpr-sticky-section-no e-con e-parent\" data-id=\"ffce1dc\" data-element_type=\"container\">\n\t\t\t\t\t<div class=\"e-con-inner\">\n\t\t\t\t<div class=\"elementor-element elementor-element-4036771 elementor-widget elementor-widget-text-editor\" data-id=\"4036771\" data-element_type=\"widget\" data-widget_type=\"text-editor.default\">\n\t\t\t\t<div class=\"elementor-widget-container\">\n\t\t\t\t\t\t\t\t\t<p>Membre de l&#8217;African Hope Committee, une ONG afro-am\u00e9ricaine, Elisabeth Monteil est la toute nouvelle pr\u00e9sidente de l&#8217;antenne s\u00e9n\u00e9galaise de Thousand African Women Network, un r\u00e9seau de femmes \u0153uvrant pour les jeunes et les femmes afin d&#8217;acc\u00e9l\u00e9rer l&#8217;agenda 2030 des Nations unies. L\u2019antenne du S\u00e9n\u00e9gal travaille sur les ODD 2, 3, 4, 5 et 11.<\/p>\t\t\t\t\t\t\t\t<\/div>\n\t\t\t\t<\/div>\n\t\t\t\t\t<\/div>\n\t\t\t\t<\/div>\n\t\t\t\t<\/div>\n\t\t","protected":false},"excerpt":{"rendered":"<p>Elisabeth Monteil Produit essentiellement par l\u2019\u00e9cole publique s\u00e9n\u00e9galaise, Elisabeth Monteil est dipl\u00f4m\u00e9e en droit et strat\u00e9gie. Elle commence sa carri\u00e8re dans le secteur priv\u00e9 aupr\u00e8s d&#8217;\u00e9minents experts de l&#8217;industrie p\u00e9troli\u00e8re, puis pharmaceutique. En rejoignant un projet de l\u2019USAID, elle d\u00e9couvre une passion pour le d\u00e9veloppement et apprend \u00e0 mettre ses comp\u00e9tences au service des petites et moyennes entreprises. Originaire du Saloum et du Sine, avec des racines en Guin\u00e9e-Bissau, en France et aux USA, cette petite-fille d&#8217;immigr\u00e9s, berc\u00e9e par les \u00e9crits de L\u00e9opold Senghor, se sent chez elle partout et \u00e0 l&#8217;aise avec tout le monde. Titulaire d&#8217;un master en communication appliqu\u00e9e au marketing, elle d\u00e9couvre l&#8217;administration s\u00e9n\u00e9galaise en 2004 avec la cr\u00e9ation du FONDEF. Tomb\u00e9e amoureuse de la formation professionnelle et technique, elle se consacre aux jeunes et aux professionnels, d\u00e9fendant le droit \u00e0 la formation tout au long de la vie active. Elle participe \u00e0 de nombreuses r\u00e9flexions dans le sous-secteur de la formation professionnelle et technique (FPT), notamment la mise en place du minist\u00e8re de la Formation Professionnelle et Technique, l&#8217;utilisation de la CFCE pour la formation des salari\u00e9s, ainsi que des r\u00e9flexions strat\u00e9giques et des propositions aux PTF pour le financement de l&#8217;emploi et de l&#8217;employabilit\u00e9. Mme Monteil a particip\u00e9 \u00e0 de grandes rencontres internationales en tant qu&#8217;organisatrice, travaillant pour le protocole d&#8217;\u00c9tat et contribuant \u00e0 la cr\u00e9ation de la ville de Diamniadio, ce qui l&#8217;a propuls\u00e9e dans un tout nouveau secteur : l&#8217;urbanisme et la construction. Ap\u00f4tre de la vie communautaire, Elisabeth forme les volontaires du service civique national et anime NextGeneration, un groupe de jeunes aspirant \u00e0 prendre place sur la sc\u00e8ne publique. Elle r\u00eave de passer le barreau s\u00e9n\u00e9galais pour devenir avocate sp\u00e9cialis\u00e9e dans les causes des communaut\u00e9s face aux investissements \u00e9trangers et \u00e0 l&#8217;exploitation des ressources naturelles. Dans sa vie quotidienne, elle d\u00e9finit des strat\u00e9gies d&#8217;influence et d&#8217;implication et utilise la vie num\u00e9rique pour am\u00e9liorer le monde du travail. Ses 30 ann\u00e9es d&#8217;exp\u00e9rience professionnelle lui ont permis de travailler dans le secteur priv\u00e9, le d\u00e9veloppement et, depuis 2004, pour l&#8217;\u00c9tat du S\u00e9n\u00e9gal. Elisabeth est consultante en strat\u00e9gie et marketing des id\u00e9es. Membre de l&#8217;African Hope Committee, une ONG afro-am\u00e9ricaine, Elisabeth Monteil est la toute nouvelle pr\u00e9sidente de l&#8217;antenne s\u00e9n\u00e9galaise de Thousand African Women Network, un r\u00e9seau de femmes \u0153uvrant pour les jeunes et les femmes afin d&#8217;acc\u00e9l\u00e9rer l&#8217;agenda 2030 des Nations unies. L\u2019antenne du S\u00e9n\u00e9gal travaille sur les ODD 2, 3, 4, 5 et 11.<\/p>\n","protected":false},"author":1,"featured_media":0,"parent":0,"menu_order":0,"comment_status":"closed","ping_status":"closed","template":"elementor_header_footer","meta":{"footnotes":""},"class_list":["post-2503","page","type-page","status-publish","hentry"],"_links":{"self":[{"href":"https:\/\/1000awnsenegal.org\/index.php?rest_route=\/wp\/v2\/pages\/2503","targetHints":{"allow":["GET"]}}],"collection":[{"href":"https:\/\/1000awnsenegal.org\/index.php?rest_route=\/wp\/v2\/pages"}],"about":[{"href":"https:\/\/1000awnsenegal.org\/index.php?rest_route=\/wp\/v2\/types\/page"}],"author":[{"embeddable":true,"href":"https:\/\/1000awnsenegal.org\/index.php?rest_route=\/wp\/v2\/users\/1"}],"replies":[{"embeddable":true,"href":"https:\/\/1000awnsenegal.org\/index.php?rest_route=%2Fwp%2Fv2%2Fcomments&post=2503"}],"version-history":[{"count":16,"href":"https:\/\/1000awnsenegal.org\/index.php?rest_route=\/wp\/v2\/pages\/2503\/revisions"}],"predecessor-version":[{"id":2613,"href":"https:\/\/1000awnsenegal.org\/index.php?rest_route=\/wp\/v2\/pages\/2503\/revisions\/2613"}],"wp:attachment":[{"href":"https:\/\/1000awnsenegal.org\/index.php?rest_route=%2Fwp%2Fv2%2Fmedia&parent=2503"}],"curies":[{"name":"wp","href":"https:\/\/api.w.org\/{rel}","templated":true}]}}

la Présidente

<div data-elementor-type="wp-page" data-elementor-id="2503" class="elementor elementor-2503">
				<div class="elementor-element elementor-element-51ccb5c e-flex e-con-boxed wpr-particle-no wpr-jarallax-no wpr-parallax-no wpr-sticky-section-no e-con e-parent" data-id="51ccb5c" data-element_type="container" data-settings="{&quot;background_background&quot;:&quot;slideshow&quot;,&quot;background_slideshow_gallery&quot;:[{&quot;id&quot;:1084,&quot;url&quot;:&quot;https:\/\/1000awnsenegal.org\/wp-content\/uploads\/2024\/01\/pic-2.jpg&quot;}],&quot;background_slideshow_loop&quot;:&quot;yes&quot;,&quot;background_slideshow_slide_duration&quot;:5000,&quot;background_slideshow_slide_transition&quot;:&quot;fade&quot;,&quot;background_slideshow_transition_duration&quot;:500}">
					<div class="e-con-inner">
				<div class="elementor-element elementor-element-dbeef06 elementor-widget elementor-widget-heading" data-id="dbeef06" data-element_type="widget" data-widget_type="heading.default">
				<div class="elementor-widget-container">
					<h2 class="elementor-heading-title elementor-size-default">Elisabeth Monteil</h2>				</div>
				</div>
					</div>
				</div>
		<div class="elementor-element elementor-element-4243b6b e-flex e-con-boxed wpr-particle-no wpr-jarallax-no wpr-parallax-no wpr-sticky-section-no e-con e-parent" data-id="4243b6b" data-element_type="container">
					<div class="e-con-inner">
		<div class="elementor-element elementor-element-ca0b284 e-con-full e-flex wpr-particle-no wpr-jarallax-no wpr-parallax-no wpr-sticky-section-no e-con e-child" data-id="ca0b284" data-element_type="container">
				<div class="elementor-element elementor-element-ef597e8 elementor-widget elementor-widget-image" data-id="ef597e8" data-element_type="widget" data-widget_type="image.default">
				<div class="elementor-widget-container">
															<img fetchpriority="high" decoding="async" width="695" height="1024" src="https://1000awnsenegal.org/wp-content/uploads/2024/07/DSC_2789-695x1024.jpg" class="attachment-large size-large wp-image-2504" alt="présidente_monteil" srcset="https://1000awnsenegal.org/wp-content/uploads/2024/07/DSC_2789-695x1024.jpg 695w, https://1000awnsenegal.org/wp-content/uploads/2024/07/DSC_2789-204x300.jpg 204w, https://1000awnsenegal.org/wp-content/uploads/2024/07/DSC_2789-768x1131.jpg 768w, https://1000awnsenegal.org/wp-content/uploads/2024/07/DSC_2789-1043x1536.jpg 1043w, https://1000awnsenegal.org/wp-content/uploads/2024/07/DSC_2789.jpg 1236w" sizes="(max-width: 695px) 100vw, 695px" />															</div>
				</div>
				</div>
		<div class="elementor-element elementor-element-80f4594 e-con-full e-flex wpr-particle-no wpr-jarallax-no wpr-parallax-no wpr-sticky-section-no e-con e-child" data-id="80f4594" data-element_type="container">
		<div class="elementor-element elementor-element-b46fdc0 e-flex e-con-boxed wpr-particle-no wpr-jarallax-no wpr-parallax-no wpr-sticky-section-no e-con e-child" data-id="b46fdc0" data-element_type="container">
					<div class="e-con-inner">
				<div class="elementor-element elementor-element-1281612 elementor-widget elementor-widget-text-editor" data-id="1281612" data-element_type="widget" data-widget_type="text-editor.default">
				<div class="elementor-widget-container">
									<p>Produit essentiellement par l’école publique sénégalaise, Elisabeth Monteil est diplômée en droit et stratégie. Elle commence sa carrière dans le secteur privé auprès d&#8217;éminents experts de l&#8217;industrie pétrolière, puis pharmaceutique. En rejoignant un projet de l’USAID, elle découvre une passion pour le développement et apprend à mettre ses compétences au service des petites et moyennes entreprises.</p><p>Originaire du Saloum et du Sine, avec des racines en Guinée-Bissau, en France et aux USA, cette petite-fille d&#8217;immigrés, bercée par les écrits de Léopold Senghor, se sent chez elle partout et à l&#8217;aise avec tout le monde. Titulaire d&#8217;un master en communication appliquée au marketing, elle découvre l&#8217;administration sénégalaise en 2004 avec la création du FONDEF. Tombée amoureuse de la formation professionnelle et technique, elle se consacre aux jeunes et aux professionnels, défendant le droit à la formation tout au long de la vie active.</p>								</div>
				</div>
					</div>
				</div>
		<div class="elementor-element elementor-element-15258b3 e-flex e-con-boxed wpr-particle-no wpr-jarallax-no wpr-parallax-no wpr-sticky-section-no e-con e-child" data-id="15258b3" data-element_type="container">
					<div class="e-con-inner">
				<div class="elementor-element elementor-element-d460976 elementor-widget elementor-widget-text-editor" data-id="d460976" data-element_type="widget" data-widget_type="text-editor.default">
				<div class="elementor-widget-container">
									<p>Elle participe à de nombreuses réflexions dans le sous-secteur de la formation professionnelle et technique (FPT), notamment la mise en place du ministère de la Formation Professionnelle et Technique, l&#8217;utilisation de la CFCE pour la formation des salariés, ainsi que des réflexions stratégiques et des propositions aux PTF pour le financement de l&#8217;emploi et de l&#8217;employabilité.</p><p>Mme Monteil a participé à de grandes rencontres internationales en tant qu&#8217;organisatrice, travaillant pour le protocole d&#8217;État et contribuant à la création de la ville de Diamniadio, ce qui l&#8217;a propulsée dans un tout nouveau secteur : l&#8217;urbanisme et la construction.</p>								</div>
				</div>
					</div>
				</div>
		<div class="elementor-element elementor-element-ed7d69f e-flex e-con-boxed wpr-particle-no wpr-jarallax-no wpr-parallax-no wpr-sticky-section-no e-con e-child" data-id="ed7d69f" data-element_type="container">
					<div class="e-con-inner">
				<div class="elementor-element elementor-element-f7368a8 elementor-widget elementor-widget-text-editor" data-id="f7368a8" data-element_type="widget" data-widget_type="text-editor.default">
				<div class="elementor-widget-container">
									<p>Apôtre de la vie communautaire, Elisabeth forme les volontaires du service civique national et anime NextGeneration, un groupe de jeunes aspirant à prendre place sur la scène publique. Elle rêve de passer le barreau sénégalais pour devenir avocate spécialisée dans les causes des communautés face aux investissements étrangers et à l&#8217;exploitation des ressources naturelles.</p><p>Dans sa vie quotidienne, elle définit des stratégies d&#8217;influence et d&#8217;implication et utilise la vie numérique pour améliorer le monde du travail. Ses 30 années d&#8217;expérience professionnelle lui ont permis de travailler dans le secteur privé, le développement et, depuis 2004, pour l&#8217;État du Sénégal. Elisabeth est consultante en stratégie et marketing des idées.</p>								</div>
				</div>
					</div>
				</div>
				</div>
					</div>
				</div>
		<div class="elementor-element elementor-element-ffce1dc e-flex e-con-boxed wpr-particle-no wpr-jarallax-no wpr-parallax-no wpr-sticky-section-no e-con e-parent" data-id="ffce1dc" data-element_type="container">
					<div class="e-con-inner">
				<div class="elementor-element elementor-element-4036771 elementor-widget elementor-widget-text-editor" data-id="4036771" data-element_type="widget" data-widget_type="text-editor.default">
				<div class="elementor-widget-container">
									<p>Membre de l&#8217;African Hope Committee, une ONG afro-américaine, Elisabeth Monteil est la toute nouvelle présidente de l&#8217;antenne sénégalaise de Thousand African Women Network, un réseau de femmes œuvrant pour les jeunes et les femmes afin d&#8217;accélérer l&#8217;agenda 2030 des Nations unies. L’antenne du Sénégal travaille sur les ODD 2, 3, 4, 5 et 11.</p>								</div>
				</div>
					</div>
				</div>
				</div>

<p>Elisabeth Monteil Produit essentiellement par l’école publique sénégalaise, Elisabeth Monteil est diplômée en droit et stratégie. Elle commence sa carrière dans le secteur privé auprès d&#8217;éminents experts de l&#8217;industrie pétrolière, puis pharmaceutique. En rejoignant un projet de l’USAID, elle découvre une passion pour le développement et apprend à mettre ses compétences au service des petites et moyennes entreprises. Originaire du Saloum et du Sine, avec des racines en Guinée-Bissau, en France et aux USA, cette petite-fille d&#8217;immigrés, bercée par les écrits de Léopold Senghor, se sent chez elle partout et à l&#8217;aise avec tout le monde. Titulaire d&#8217;un master en communication appliquée au marketing, elle découvre l&#8217;administration sénégalaise en 2004 avec la création du FONDEF. Tombée amoureuse de la formation professionnelle et technique, elle se consacre aux jeunes et aux professionnels, défendant le droit à la formation tout au long de la vie active. Elle participe à de nombreuses réflexions dans le sous-secteur de la formation professionnelle et technique (FPT), notamment la mise en place du ministère de la Formation Professionnelle et Technique, l&#8217;utilisation de la CFCE pour la formation des salariés, ainsi que des réflexions stratégiques et des propositions aux PTF pour le financement de l&#8217;emploi et de l&#8217;employabilité. Mme Monteil a participé à de grandes rencontres internationales en tant qu&#8217;organisatrice, travaillant pour le protocole d&#8217;État et contribuant à la création de la ville de Diamniadio, ce qui l&#8217;a propulsée dans un tout nouveau secteur : l&#8217;urbanisme et la construction. Apôtre de la vie communautaire, Elisabeth forme les volontaires du service civique national et anime NextGeneration, un groupe de jeunes aspirant à prendre place sur la scène publique. Elle rêve de passer le barreau sénégalais pour devenir avocate spécialisée dans les causes des communautés face aux investissements étrangers et à l&#8217;exploitation des ressources naturelles. Dans sa vie quotidienne, elle définit des stratégies d&#8217;influence et d&#8217;implication et utilise la vie numérique pour améliorer le monde du travail. Ses 30 années d&#8217;expérience professionnelle lui ont permis de travailler dans le secteur privé, le développement et, depuis 2004, pour l&#8217;État du Sénégal. Elisabeth est consultante en stratégie et marketing des idées. Membre de l&#8217;African Hope Committee, une ONG afro-américaine, Elisabeth Monteil est la toute nouvelle présidente de l&#8217;antenne sénégalaise de Thousand African Women Network, un réseau de femmes œuvrant pour les jeunes et les femmes afin d&#8217;accélérer l&#8217;agenda 2030 des Nations unies. L’antenne du Sénégal travaille sur les ODD 2, 3, 4, 5 et 11.</p>
